
Suppose -13 = -4*l + 5*s, -2*l = -4*l + 2*s + 6. What is the greatest common divisor of 1 and l?
1
Suppose -g = -5*g + c + 25, -2*g + 20 = -2*c. Suppose y + 16 = g*y. Suppose y*m + 10 = 54. What is the greatest common factor of m and 11?
11
Let n = 10 + 13. Suppose 83 - n = 3*p. What is the greatest common factor of p and 120?
20
Let m be -4 - 3 - (1 - 1). Let r(z) = -z**2 - 9*z + 9. Let w be r(m). Calculate the highest common factor of w and 115.
23
Let v = -12 + 20. Let s be 2/v - (-2106)/24. What is the highest common factor of 8 and s?
8
Let v(t) = 3*t**2 - 3*t - 11. Let z be v(5). What is the highest common divisor of 7 and z?
7
Suppose 3*j - 5 = 4. Suppose 4*s - 2 = 2*s. Let v be (2/j)/(s/21). Calculate the highest common factor of v and 14.
14
Suppose 2*y - 3*f - 82 = -5*f, 2*f - 190 = -5*y. What is the highest common factor of y and 18?
18
Let g be 8*2/(4/2). Suppose 6*b + b = 504. What is the greatest common factor of b and g?
8
Suppose 6 = -3*t - 4*p, t + 3*t + 2*p = 2. Suppose -c = t*c - 99. Calculate the highest common factor of c and 3.
3
Let f be ((-10)/(-5)*-18)/((-10)/5). What is the greatest common factor of 45 and f?
9
Let g be ((-5)/(-10))/(2/24). Calculate the greatest common divisor of g and 12.
6
Let i be (-6 + 0)*(5 + -6). Let k be i/(-4)*(-6 - 4). What is the highest common factor of k and 3?
3
Let x be -172*(-3)/(-18)*3. Suppose 3*d = -432 - 96. Let i = x - d. What is the highest common divisor of 18 and i?
18
Suppose 2*g = 3*w - 1370, -449 - 6 = -w - g. Calculate the greatest common divisor of w and 57.
57
Let c(b) = b**3 - 3*b**2 + 6*b - 4. Let m(a) = a**3 - 5*a**2 - 5*a - 2. Let i be m(6). Let n be c(i). Calculate the highest common divisor of 24 and n.
12
Let p(f) = -f + 9. Let w be p(4). Suppose -5*d + 80 = -d. Calculate the greatest common divisor of d and w.
5
Suppose 55 = 2*j + 3*j. Calculate the greatest common divisor of 55 and j.
11
Suppose 2*s + z - 10 = -2*z, -3*s = -z - 37. What is the greatest common factor of 88 and s?
11
Let z(w) = 84*w + 3. Let l be z(6). Let f be 4/8 + l/6. What is the highest common divisor of f and 17?
17
Let j(b) = -1 + 0*b + 2 + b. Suppose -2*a + 7*a - 4*n = 38, 20 = 2*a - 4*n. Let s be j(a). Calculate the greatest common divisor of 49 and s.
7
Let p be 4/(-22) - (-399)/77. Suppose p*a - 61 = 29. Calculate the highest common factor of 126 and a.
18
Let j be ((-30)/20)/((-3)/64). Let q(y) = 2*y - 2. Let k be q(2). Suppose -3*b + 80 = k*b. Calculate the highest common factor of j and b.
16
Suppose -2*m + 9 = a, 7*m - 2*m = -5*a + 10. Let u be (-9)/(-2 + 13/7). What is the highest common factor of u and m?
7
Let m be 210*(12/(-10) + 2). What is the greatest common factor of m and 21?
21
Let o be ((-2)/4 + 1)*110. Calculate the highest common factor of o and 22.
11
Suppose 5*r - 17 - 8 = 0. Suppose -u + 0*u = -r. Calculate the greatest common divisor of u and 45.
5
Let m(q) = 17*q + 4. Let d be m(4). Calculate the highest common factor of d and 12.
12
Suppose 2*f = 2 + 6. What is the highest common factor of f and 1?
1
Let b(y) = -y**2 - 13*y + 26. Let s be b(-14). Calculate the highest common factor of 6 and s.
6
Let n be (-4)/18 - 155/(-9). Suppose n = 5*r - 4*r. Let v(g) = -g**3 + 11*g**2 - g + 3. Let s be v(8). Calculate the highest common divisor of r and s.
17
Let r(u) = 6*u + 7*u - 3 - 5*u. Let z be r(6). Let d(c) = c + 11. Let n be d(-6). What is the highest common factor of n and z?
5
Suppose 6*l = 11*l - 35. Let r be (4/(-3))/(2/6). Let x = r + 11. Calculate the highest common divisor of x and l.
7
Suppose 2*d - 33 + 11 = 0. Calculate the highest common factor of 77 and d.
11
Suppose -30 = -45*f + 43*f. What is the highest common factor of 135 and f?
15
Let r be ((-12)/6)/(1/(-4)). Suppose -4*q + 46 + 178 = 0. What is the greatest common divisor of q and r?
8
Let d be (-1)/(0 + -2)*38. Let c(n) = 2*n + 1. Let x be c(2). Suppose -x*j = 207 - 872. Calculate the highest common factor of d and j.
19
Let q be 60/(-50)*(-160)/6. Calculate the greatest common divisor of q and 24.
8
Let o(d) = -4*d - 42. Let a be o(-12). Suppose 0 = -3*n + 72 + 72. What is the greatest common factor of a and n?
6
Suppose -3*l = -2*l - 2. Suppose 0*t + 48 = l*t. Calculate the greatest common factor of 36 and t.
12
Let i = 63 - 45. What is the highest common factor of i and 6?
6
Let h be -2 + 1 + 12 - 1. Let b = h - -29. Let d = 32 + -19. Calculate the highest common factor of d and b.
13
Suppose 0*p = p - 11. Suppose 3 = -4*i - 17. Let j(c) = -c**2 - 4*c + 6. Let u be j(i). What is the highest common factor of p and u?
1
Suppose -3*d - 51 = -0*g + 3*g, 2*g - 42 = 2*d. Suppose -4*v = -246 - 10. Let u = v + d. What is the greatest common factor of u and 9?
9
Let t(j) = -7*j + 8. Let k be t(-8). What is the greatest common factor of k and 16?
16
Let y be (39/(-2))/((-27)/90). Calculate the highest common factor of y and 39.
13
Let j be -3*(1/3)/(-1). Let a(w) = -w**3 - w**2 + 8*w - 3. Let l be a(2). What is the greatest common factor of l and j?
1
Let w(f) = 2*f**2 - 4*f + 6. Let z(r) be the first derivative of r**2/2 + 5*r + 2. Let a be z(0). Let p be w(a). What is the highest common factor of 24 and p?
12
Suppose -3*v + w = -2*v + 14, -4*w = 2*v + 4. Let z be (12/10)/((-4)/v). Let y be (-616)/(-8) - (-1 + z). What is the greatest common divisor of 30 and y?
15
Let m(g) = -8 + 56*g**2 + 7 + 33*g**2. Let d be m(-1). What is the greatest common factor of 11 and d?
11
Let t = 21 - 13. Suppose 0 = 2*l - 3 - 7. Suppose 0 = -0*o + l*o - 280. Calculate the greatest common factor of t and o.
8
Let i = 46 + 42. Suppose 0*a - i = -2*a - 4*d, 4*a + 5*d - 173 = 0. What is the highest common factor of a and 105?
21
Let d(m) = m**2 - 3*m + 4. Let z be d(3). Suppose -12*w + 8*w + 400 = 0. Suppose -6*x = -x - w. What is the highest common factor of x and z?
4
Suppose 0 = -4*q - x - 4, -3*x = -5*x + 8. Let t be 2 + (q - -3) + -1. Calculate the highest common factor of t and 8.
2
Let n(r) = -91*r + 1 - 44*r + 0. Let p be n(-1). Let m = p - 96. What is the highest common divisor of m and 5?
5
Suppose 2*q - 3*q - 2 = 0. Let s(j) = j**3 + 3*j**2 + 2. Let h be s(q). Let k be (-4)/h - (-532)/6. What is the highest common divisor of k and 11?
11
Suppose -4*w = r - 82, 4*r = 3*w + 2*w - 92. Calculate the greatest common factor of 4 and w.
4
Let x(n) = -2*n**2 - 3*n - 1. Let o be x(-5). Let p be o/(-30)*5/2. Suppose p*k + 19 = 58. Calculate the highest common factor of 52 and k.
13
Suppose 0 = -u - 4*u + 75. Calculate the greatest common divisor of 5 and u.
5
Let l(d) = 5*d**2 - 7*d. Let b be l(2). What is the greatest common divisor of 60 and b?
6
Let s(f) = -2*f**3 - f + 6 + f**2 + 9 + 3*f**3. Let l = -23 + 23. Let o be s(l). Calculate the highest common divisor of o and 6.
3
Let l = -1 - -3. Suppose 11 = z - 3*x, 0*x - 22 = -l*z + x. Let y(a) = -a**2 + 11*a + 10. Let b be y(z). Calculate the highest common factor of 50 and b.
10
Let f be (-392)/(-22) - (-12)/66. Suppose -u = -4*m + 3*m + f, 0 = -m + 3*u + 24. What is the greatest common divisor of 135 and m?
15
Let i be 3 - ((-2)/1 + 20). Let n be 3/4 - i/12. Calculate the greatest common factor of 18 and n.
2
Let w(i) = i**2 - 4*i. Let o be w(6). Suppose r - 6*r - j = o, -20 = 5*r + 5*j. Let v = -1 - r. What is the highest common divisor of v and 7?
1
Let a be (2 - -4)/(5/30). Let z(l) = 5*l**2 - 1. Let v be z(-1). Calculate the highest common divisor of v and a.
4
Suppose 2*u - 2 = -0*u. Let z(j) = 16*j**2. Let x be z(u). Calculate the greatest common factor of x and 128.
16
Let i(y) = -3*y - 3. Let l be i(-5). What is the highest common factor of 48 and l?
12
Let n be 1 + 0/(-3) + -2. Let j = n + 6. Suppose 68 = 2*i + 2*i + 5*m, 40 = j*i - 5*m. Calculate the highest common factor of 84 and i.
12
Let n = -4 - -11. What is the greatest common factor of n and 7?
7
Suppose 2 = -3*f + 3*b + 11, -5*f = 2*b - 8. Let q be f/(-8)*-5*28. Calculate the highest common divisor of 5 and q.
5
Let m be (-2)/3*(-6 + -21). Let c be (18/(-27))/((-1)/m). Calculate the highest common divisor of 60 and c.
12
Let m(l) = -l**3 - 14*l**2 - 12*l + 19. Let i be m(-13). Suppose -5*z = -0*z - 1125. Suppose -p = -i*p + z. Calculate the highest common factor of 5 and p.
5
Let s be (1/((-2)/(-12)